
1
Calculate the highest common divisor of 8040 and 30.
30
Calculate the highest common factor of 1976 and 184.
8
Calculate the highest common factor of 146 and 9782.
146
Calculate the highest common factor of 72 and 612.
36
Calculate the greatest common factor of 6039 and 495.
99
What is the highest common factor of 22 and 6?
2
What is the highest common divisor of 79 and 1975?
79
What is the highest common factor of 784 and 49?
49
Calculate the highest common divisor of 78 and 12.
6
What is the greatest common divisor of 46 and 6?
2
What is the highest common divisor of 162 and 48?
6
Calculate the highest common divisor of 264 and 66.
66
Calculate the highest common factor of 5478 and 594.
66
Calculate the greatest common factor of 1449 and 63.
63
Calculate the greatest common factor of 445 and 25.
5
What is the highest common divisor of 34 and 1717?
17
What is the highest common factor of 2505 and 15?
15
Calculate the greatest common divisor of 300 and 132.
12
Calculate the greatest common divisor of 6 and 74.
2
What is the highest common factor of 246 and 192?
6
What is the greatest common factor of 17 and 85?
17
What is the greatest common factor of 77 and 110?
11
Calculate the highest common factor of 150 and 350.
50
Calculate the highest common divisor of 18 and 10.
2
What is the highest common divisor of 10242 and 18?
18
What is the highest common factor of 16 and 1256?
8
Calculate the highest common divisor of 1908 and 2756.
212
What is the greatest common factor of 742 and 4558?
106
What is the greatest common divisor of 1359 and 302?
151
Calculate the greatest common divisor of 1638 and 1404.
234
What is the highest common factor of 12120 and 10?
10
Calculate the highest common divisor of 3 and 768.
3
What is the highest common factor of 114 and 741?
57
Calculate the highest common factor of 40941 and 9.
9
What is the greatest common factor of 201 and 9?
3
Calculate the greatest common divisor of 448 and 56.
56
Calculate the highest common factor of 3952 and 6422.
494
Calculate the greatest common factor of 136 and 5814.
34
What is the highest common divisor of 2961 and 189?
63
What is the highest common divisor of 46 and 1127?
23
Calculate the greatest common divisor of 782 and 918.
34
Calculate the greatest common factor of 406 and 154.
14
What is the greatest common divisor of 84 and 7616?
28
What is the greatest common divisor of 396 and 539?
11
Calculate the highest common factor of 16 and 216.
8
What is the greatest common factor of 245 and 5?
5
Calculate the greatest common divisor of 7803 and 189.
27
Calculate the highest common factor of 67 and 3283.
67
What is the greatest common factor of 38 and 5?
1
What is the greatest common divisor of 32 and 72?
8
What is the highest common factor of 140 and 175?
35
Calculate the greatest common factor of 78 and 54.
6
What is the highest common factor of 6 and 14?
2
Calculate the highest common factor of 476 and 336.
28
Calculate the greatest common factor of 24576 and 96.
96
What is the greatest common divisor of 660 and 1020?
60
Calculate the greatest common factor of 5022 and 310.
62
Calculate the highest common factor of 3003 and 66.
33
What is the highest common divisor of 33 and 17688?
33
Calculate the greatest common factor of 3322 and 11.
11
Calculate the highest common divisor of 640 and 140.
20
What is the highest common factor of 21 and 3?
3
Calculate the highest common factor of 1 and 56.
1
Calculate the greatest common divisor of 15939 and 252.
63
What is the greatest common factor of 3335 and 230?
115
Calculate the highest common divisor of 21 and 567.
21
Calculate the greatest common divisor of 15 and 85.
5
Calculate the highest common divisor of 456 and 300.
12
What is the highest common factor of 1 and 4?
1
Calculate the highest common divisor of 540 and 480.
60
What is the greatest common divisor of 846 and 18?
18
What is the highest common divisor of 5577 and 39?
39
Calculate the highest common factor of 28 and 133.
7
Calculate the highest common divisor of 22 and 418.
22
Calculate the greatest common divisor of 170 and 306.
34
What is the highest common divisor of 67 and 737?
67
Calculate the greatest common factor of 19 and 14.
1
What is the greatest common factor of 26 and 494?
26
What is the highest common divisor of 84 and 112644?
84
Calculate the highest common divisor of 429 and 39.
39
What is the greatest common divisor of 13 and 100893?
13
Calculate the greatest common factor of 236 and 16.
4
What is the highest common factor of 580 and 40?
20
What is the highest common divisor of 288 and 64?
32
Calculate the highest common factor of 2315 and 15.
5
Calculate the greatest common divisor of 67014 and 153.
153
Calculate the highest common divisor of 544 and 408.
136
What is the highest common divisor of 94 and 18?
2
Calculate the greatest common divisor of 38 and 2831.
19
What is the highest common factor of 157 and 11304?
157
Calculate the greatest common divisor of 3905 and 10.
5
Calculate the highest common divisor of 955 and 115.
5
Calculate the highest common divisor of 55 and 55.
55
What is the greatest common factor of 8 and 58?
2
Calculate the highest common factor of 38 and 209.
19
Calculate the highest common factor of 36 and 44.
4
Calculate the greatest common factor of 80 and 1080.
40
Calculate the greatest common factor of 1056 and 12.
12
Calculate the highest common divisor of 15 and 505.
5
Calculate the greatest common divisor of 203 and 49.
7
Calculate the highest common factor of 210 and 266.
14
Calculate the highest common factor of 178 and 4183.
89
What is the highest common factor of 134 and 73298?
134
Calculate the greatest common factor of 12 and 324.
12
What is the highest common divisor of 40 and 104?
8
Calculate the greatest common factor of 106 and 265.
53
What is the highest common divisor of 2025 and 25?
25
What is the highest common divisor of 5760 and 72?
72
Calculate the greatest common divisor of 2033 and 608.
19
What is the highest common factor of 76 and 361?
19
Calculate the greatest common factor of 24 and 424.
8
Calculate the highest common factor of 828 and 36.
36
Calculate the greatest common divisor of 46 and 4094.
46
Calculate the greatest common divisor of 120 and 10.
10
What is the highest common factor of 5335 and 55?
55
Calculate the greatest common factor of 8717 and 379.
379
What is the greatest common factor of 14 and 448?
14
What is the greatest common divisor of 81 and 1?
1
What is the highest common divisor of 54 and 2133?
27
Calculate the greatest common factor of 1015 and 175.
35
What is the highest common divisor of 1005 and 3?
3
What is the greatest common factor of 2222 and 11?
11
Calculate the highest common factor of 2698 and 38.
38
What is the greatest common factor of 14 and 63?
7
Calculate the highest common divisor of 656 and 82.
82
What is the greatest common divisor of 9 and 813?
3
Calculate the highest common factor of 252 and 48.
12
Calculate the highest common factor of 29 and 1073.
29
Calculate the highest common divisor of 36 and 84.
12
What is the greatest common divisor of 16 and 64?
16
Calculate the greatest common divisor of 119 and 2261.
119
Calculate the highest common divisor of 1156 and 323.
17
Calculate the highest common divisor of 342 and 57.
57
Calculate the highest common divisor of 52 and 5707.
13
Calculate the greatest common divisor of 62 and 1054.
62
What is the highest common factor of 267 and 6?
3
Calculate the highest common divisor of 104 and 13.
13
Calculate the greatest common factor of 9 and 477.
9
Calculate the greatest common divisor of 24 and 588.
12
Calculate the highest common divisor of 336 and 2856.
168
Calculate the highest common divisor of 539 and 1.
1
What is the highest common factor of 128 and 4?
4
Calculate the greatest common divisor of 7 and 371.
7
What is the highest common divisor of 12604 and 92?
92
What is the highest common factor of 23 and 70587?
23
What is the highest common factor of 90 and 2790?
90
Calculate the greatest common divisor of 52 and 2284.
4
What is the greatest common divisor of 143 and 55?
11
Calculate the greatest common divisor of 790 and 10.
10
Calculate the greatest common divisor of 2442 and 1776.
222
Calculate the highe